{"id":74,"date":"2023-06-25T15:46:39","date_gmt":"2023-06-25T06:46:39","guid":{"rendered":"https:\/\/koganeiculture.jp\/eng\/?page_id=74"},"modified":"2023-06-25T15:50:22","modified_gmt":"2023-06-25T06:50:22","slug":"locations","status":"publish","type":"page","link":"https:\/\/koganeiculture.jp\/eng\/locations\/","title":{"rendered":"Locations"},"content":{"rendered":"<p><strong style=\"font-size: 1rem;\">Tsuda Music School<br \/>\n<\/strong>5-CH\u014cME-28-39 HIGASHICH\u014c, KOGANEI, TOKYO<\/p>\n<p>&nbsp;<\/p>\n<p><strong>Koganei Salon<br \/>\n<\/strong>5-CH\u014cME-3-22 KAJINOCH\u014c, KOGANEI, TOKYO<\/p>\n<p><strong><img loading=\"lazy\" decoding=\"async\" class=\"alignnone wp-image-80 size-medium\" src=\"http:\/\/koganeiculture.jp\/eng\/wp-content\/uploads\/2023\/06\/A00E6479-3CC0-4F03-85AC-1E4DD80E3DA2-300x247.jpeg\" alt=\"\" width=\"300\" height=\"247\" srcset=\"https:\/\/koganeiculture.jp\/eng\/wp-content\/uploads\/2023\/06\/A00E6479-3CC0-4F03-85AC-1E4DD80E3DA2-300x247.jpeg 300w, https:\/\/koganeiculture.jp\/eng\/wp-content\/uploads\/2023\/06\/A00E6479-3CC0-4F03-85AC-1E4DD80E3DA2-1024x844.jpeg 1024w, https:\/\/koganeiculture.jp\/eng\/wp-content\/uploads\/2023\/06\/A00E6479-3CC0-4F03-85AC-1E4DD80E3DA2-768x633.jpeg 768w, https:\/\/koganeiculture.jp\/eng\/wp-content\/uploads\/2023\/06\/A00E6479-3CC0-4F03-85AC-1E4DD80E3DA2-1536x1267.jpeg 1536w, https:\/\/koganeiculture.jp\/eng\/wp-content\/uploads\/2023\/06\/A00E6479-3CC0-4F03-85AC-1E4DD80E3DA2-2048x1689.jpeg 2048w\" sizes=\"auto, (max-width: 300px) 100vw, 300px\" \/><\/strong><\/p>\n<p><strong style=\"font-size: 1rem;\">Koganei Maroon Hall<br \/>\n<\/strong><span style=\"font-size: 1rem;\">3-CH\u014cME-7-21 HIGASHICH\u014c, KOGANEI, TOKYO<\/span><\/p>\n<p>&nbsp;<\/p>\n<p><strong>Mato (Underneath the Chuo Line)<br \/>\n<\/strong>1-CH\u014cME-2-36 KAJINOCH\u014c, KOGANEI, TOKYO<\/p>\n<p><img loading=\"lazy\" decoding=\"async\" class=\"alignnone size-medium wp-image-78\" src=\"http:\/\/koganeiculture.jp\/eng\/wp-content\/uploads\/2023\/06\/3B0CC8F0-A137-41DE-9990-32452420C323-300x144.png\" alt=\"\" width=\"300\" height=\"144\" srcset=\"https:\/\/koganeiculture.jp\/eng\/wp-content\/uploads\/2023\/06\/3B0CC8F0-A137-41DE-9990-32452420C323-300x144.png 300w, https:\/\/koganeiculture.jp\/eng\/wp-content\/uploads\/2023\/06\/3B0CC8F0-A137-41DE-9990-32452420C323-1024x491.png 1024w, https:\/\/koganeiculture.jp\/eng\/wp-content\/uploads\/2023\/06\/3B0CC8F0-A137-41DE-9990-32452420C323-768x368.png 768w, https:\/\/koganeiculture.jp\/eng\/wp-content\/uploads\/2023\/06\/3B0CC8F0-A137-41DE-9990-32452420C323.png 1280w\" sizes=\"auto, (max-width: 300px) 100vw, 300px\" \/><\/p>\n","protected":false},"excerpt":{"rendered":"<p>Tsuda Music School 5-CH\u014cME-28-39 HIGASHICH\u014c, KOGANEI, TOKYO &nbsp; Koganei Salon 5-CH\u014cME-3-22 KAJINOCH\u014c, KOGAN &hellip; <\/p>\n<p class=\"link-more\"><a href=\"https:\/\/koganeiculture.jp\/eng\/locations\/\" class=\"more-link\"><span class=\"screen-reader-text\">&#8220;Locations&#8221; \u306e<\/span>\u7d9a\u304d\u3092\u8aad\u3080<\/a><\/p>\n","protected":false},"author":1,"featured_media":0,"parent":0,"menu_order":0,"comment_status":"closed","ping_status":"closed","template":"","meta":{"footnotes":""},"class_list":["post-74","page","type-page","status-publish","hentry"],"_links":{"self":[{"href":"https:\/\/koganeiculture.jp\/eng\/wp-json\/wp\/v2\/pages\/74","targetHints":{"allow":["GET"]}}],"collection":[{"href":"https:\/\/koganeiculture.jp\/eng\/wp-json\/wp\/v2\/pages"}],"about":[{"href":"https:\/\/koganeiculture.jp\/eng\/wp-json\/wp\/v2\/types\/page"}],"author":[{"embeddable":true,"href":"https:\/\/koganeiculture.jp\/eng\/wp-json\/wp\/v2\/users\/1"}],"replies":[{"embeddable":true,"href":"https:\/\/koganeiculture.jp\/eng\/wp-json\/wp\/v2\/comments?post=74"}],"version-history":[{"count":3,"href":"https:\/\/koganeiculture.jp\/eng\/wp-json\/wp\/v2\/pages\/74\/revisions"}],"predecessor-version":[{"id":82,"href":"https:\/\/koganeiculture.jp\/eng\/wp-json\/wp\/v2\/pages\/74\/revisions\/82"}],"wp:attachment":[{"href":"https:\/\/koganeiculture.jp\/eng\/wp-json\/wp\/v2\/media?parent=74"}],"curies":[{"name":"wp","href":"https:\/\/api.w.org\/{rel}","templated":true}]}}